s divided by 7217?
688
What is the remainder when 173537 is divided by 1057?
189
Calculate the remainder when 4005468 is divided by 25676.
12
Calculate the remainder when 19115022 is divided by 12.
6
What is the remainder when 431640 is divided by 23980?
0
What is the remainder when 311156 is divided by 77588?
804
What is the remainder when 2835047 is divided by 944911?
314
Calculate the remainder when 737010 is divided by 9934.
1894
Calculate the remainder when 40298 is divided by 607.
236
Calculate the remainder when 142340 is divided by 880.
660
Calculate the remainder when 14155181 is divided by 4861.
4810
What is the remainder when 1481560 is divided by 14384?
8
What is the remainder when 54207 is divided by 5985?
342
What is the remainder when 1212579 is divided by 308?
291
What is the remainder when 204559499 is divided by 102279735?
29
Calculate the remainder when 37548743 is divided by 333.
329
What is the remainder when 27885386 is divided by 1905?
1901
Calculate the remainder when 526867 is divided by 69.
52
What is the remainder when 3609473 is divided by 11606?
7
Calculate the remainder when 15059106 is divided by 202.
6
Calculate the remainder when 2659640 is divided by 25.
15
Calculate the remainder when 1733 is divided by 327.
98
Calculate the remainder when 4896265 is divided by 343.
283
Calculate the remainder when 9051186 is divided by 66.
12
What is the remainder when 22605425 is divided by 5?
0
What is the remainder when 8780480 is divided by 99778?
16
What is the remainder when 836321 is divided by 55753?
26
Calculate the remainder when 14506 is divided by 4660.
526
What is the remainder when 238929 is divided by 18?
15
Calculate the remainder when 6434180 is divided by 24.
20
What is the remainder when 1263160 is divided by 70?
10
Calculate the remainder when 157762 is divided by 1315.
1277
What is the remainder when 2682401 is divided by 2648?
2625
Calculate the remainder when 280487 is divided by 4248.
119
Calculate the remainder when 179151 is divided by 821.
173
What is the remainder when 21709 is divided by 3114?
3025
Calculate the remainder when 2777142 is divided by 3388.
2370
What is the remainder when 11356661 is divided by 341?
338
What is the remainder when 49529158 is divided by 18?
16
Calculate the remainder when 4710528 is divided by 170.
168
What is the remainder when 4228152 is divided by 66?
60
What is the remainder when 25251152 is divided by 191?
188
What is the remainder when 722153 is divided by 2465?
2373
Calculate the remainder when 426250 is divided by 209164.
7922
Calculate the remainder when 1966498 is divided by 3450.
3448
What is the remainder when 17605863 is divided by 237917?
5
Calculate the remainder when 114777775 is divided by 137.
134
Calculate the remainder when 924065 is divided by 2438.
63
Calculate the remainder when 965739638 is divided by 2633.
2632
Calculate the remainder when 203178690 is divided by 25.
15
Calculate the remainder when 5399586 is divided by 710.
36
Calculate the remainder when 18716112 is divided by 171.
162
What is the remainder when 567921 is divided by 7?
4
What is the remainder when 2255576 is divided by 702?
50
What is the remainder when 16530 is divided by 41?
7
What is the remainder when 22955930 is divided by 86?
36
Calculate the remainder when 9649435 is divided by 3869.
149
Calculate the remainder when 1356300 is divided by 461.
38
Calculate the remainder when 619730 is divided by 4657.
349
What is the remainder when 355530 is divided by 118473?
111
What is the remainder when 217637 is divided by 3820?
3717
Calculate the remainder when 42904 is divided by 3853.
521
Calculate the remainder when 696571 is divided by 38580.
2131
Calculate the remainder when 38729815 is divided by 1139112.
7
What is the remainder when 876756 is divided by 105?
6
What is the remainder when 1899533 is divided by 1855?
13
Calculate the remainder when 68435 is divided by 4272.
83
What is the remainder when 1374163 is divided by 475?
463
What is the remainder when 12522598 is divided by 12423?
214
Calculate the remainder when 9038681 is divided by 2829.
26
Calculate the remainder when 178616023 is divided by 409.
406
What is the remainder when 4933941 is divided by 612?
609
Calculate the remainder when 186222763 is divided by 1978.
1975
What is the remainder when 36648362 is divided by 3587?
3570
Calculate the remainder when 2202057 is divided by 2247.
2244
Calculate the remainder when 44292988 is divided by 102.
100
What is the remainder when 21054 is divided by 2249?
813
What is the remainder when 27325707 is divided by 1315?
7
What is the remainder when 522967 is divided by 340?
47
What is the remainder when 40677 is divided by 19754?
1169
What is the remainder when 111061 is divided by 1018?
99
What is the remainder when 31660 is divided by 1589?
1469
What is the remainder when 5423578 is divided by 7906?
62
Calculate the remainder when 20082957 is divided by 16.
13
What is the remainder when 87344 is divided by 42154?
3036
What is the remainder when 6566992 is divided by 21745?
2
Calculate the remainder when 1271816 is divided by 1710.
1286
Calculate the remainder when 31787415 is divided by 1837.
1804
Calculate the remainder when 1230390 is divided by 1323.
0
Calculate the remainder when 5059781 is divided by 26.
25
What is the remainder when 18982644 is divided by 74?
16
Calculate the remainder when 31874 is divided by 71.
66
What is the remainder when 215920 is divided by 964?
948
Calculate the remainder when 28684 is divided by 6748.
1692
What is the remainder when 77917708 is divided by 390?
388
What is the remainder when 50440 is divided by 2893?
1259
Calculate the remainder when 23446303 is divided by 148.
143
Calculate the remainder when 7735964 is divided by 36.
32
Calculate the remainder when 15054 is divided by 288.
78
Calculate the remainder when 68273468 is divided by 1879.
3
Calculate the remainder when 125010075 is divided by 260.
255
What is the remainder when 5269850 is divided by 293?
245
Calculate the remainder when 72944 is divided by 24259.
167
What is the remainder when 226867899 is divided by 70216?
3
What is the remainder when 10283061 is divided by 2851?
2355
What is the remainder when 50769 is divided by 785?
529
Calculate the remainder when 7439330 is divided by 463.
309
Calculate the remainder when 479890 is divided by 159843.
361
Calculate the remainder when 1843513 is divided by 4.
1
What is the remainder when 526485 is divided by 426?
375
What is the remainder when 13134368 is divided by 1401?
1394
What is the remainder when 1429132 is divided by 158781?
103
What is the remainder when 91622 is divided by 261?
11
What is the remainder when 144548 is divided by 72216?
116
What is the remainder when 83440 is divided by 7535?
555
Calculate the remainder when 3170512 is divided by 8.
0
Calculate the remainder when 57441 is divided by 11466.
111
What is the remainder when 1654080286 is divided by 2864?
2862
Calculate the remainder when 377061 is divided by 393.
174
Calculate the remainder when 81714 is divided by 5447.
9
What is the remainder when 5684724 is divided by 35?
24
What is the remainder when 2012291 is divided by 33535?
191
Calculate the remainder when 42848133 is divided by 978.
975
Calculate the remainder when 46793469 is divided by 1392.
1389
Calculate the remainder when 41092 is divided by 4318.
2230
What is the remainder when 4727757 is divided by 35?
27
What is the remainder when 4543247 is divided by 16461?
11
Calculate the remainder when 552804 is divided by 184206.
186
Calculate the remainder when 2235662 is divided by 85.
77
Calculate the remainder when 31429265 is divided by 7857270.
185
What is the remainder when 17212705 is divided by 10149?
1
Calculate the remainder when 247675082 is divided by 9078.
8
What is the remainder when 11380333 is divided by 107?
27
What is the remainder when 146121 is divided by 24350?
21
Calculate the remainder when 305629 is divided by 70.
9
What is the remainder when 58832 is divided by 3628?
784
Calculate the remainder when 113132 is divided by 1285.
52
Calculate the remainder when 4943771 is divided by 197750.
21
What is the remainder when 2932799 is divided by 357?
44
What is the remain